tors of u(d)?
2, 3, 113
Let v(y) be the first derivative of y**4/4 - 7*y**3/3 - 2*y - 12. Let h be v(7). What are the prime factors of ((-21)/h)/(3/18)?
3, 7
Let l(o) = o**3 - o**2 - 5. Let i be l(0). Let f be (5 - i)/((-1)/(-26)*2). Suppose 2*x + f = t + 6*x, 272 = 2*t - 4*x. What are the prime factors of t?
2, 67
Let s(v) = -1229*v**3 - 3*v**2 - 3*v - 2. Suppose 17*b = -19 + 2. List the prime factors of s(b).
3, 409
Suppose 6*a + 3 = 7*a. Suppose -5*s + 20 = -i - 3*i, 0 = -a*i. Suppose 4*q - 421 = -3*n, -5*q - 2*n = -s*n - 555. What are the prime factors of q?
109
Suppose 0*o = -4*o + 5*l + 206, -2*o + 102 = -2*l. What are the prime factors of 1/((o/(-7))/(-3563))?
509
List the prime factors of 2 - -8982 - (-8 + 2*(-63)/(-18)).
3, 5, 599
Let g = -750 + 765. What are the prime factors of (1113 - g)*(1 + -1 + 1)?
2, 3, 61
Let h(f) be the third derivative of -f**6/120 - 7*f**5/20 - f**4/4 - f**3/2 + 214*f**2. What are the prime factors of h(-22)?
613
Suppose -3*f + 12756 = b, -915 - 7606 = -2*f + 5*b. List the prime factors of f.
4253
Let y = 30 + 93. Suppose -5*i - y = -2*a, -2*i + 234 = 4*a - 0*i. Suppose 0 = -2*w + 57 + a. What are the prime factors of w?
2, 29
Let k = 2748 + 48552. List the prime factors of k.
2, 3, 5, 19
Let a = -38914 + 65916. List the prime factors of a.
2, 23, 587
Let b be (3/2)/((-6)/(-56)). Let g(d) be the second derivative of d**4/12 + d**3 - 21*d**2 + 978*d. List the prime factors of g(b).
2, 7, 17
Suppose -13*z + 6479 = -2569. What are the prime factors of z?
2, 3, 29
Suppose 14*z = -68*z + 322834. What are the prime factors of z?
31, 127
Suppose -116852 - 132745 - 180718 = -89*j. What are the prime factors of j?
5, 967
Let n = -768 + 10786. What are the prime factors of n?
2, 5009
Let h(q) = -15*q**3 - 7*q**2 + 55*q + 280. List the prime factors of h(-7).
7, 11, 61
Let x = -6442 + 12601. List the prime factors of x.
3, 2053
Let h = -28 + 44. Suppose -625 = -h*r + 2287. Suppose 3*k - 3*t - 516 = -5*t, -r = -k - 4*t. What are the prime factors of k?
2, 5, 17
Let t = 38924 - 15627. List the prime factors of t.
23297
List the prime factors of (2/6*-871)/((-3)/27).
3, 13, 67
Let u(k) = 9*k**2 + 7*k - 33. Suppose 68*d = 63*d - 40. List the prime factors of u(d).
487
Suppose 0 = -28*k + 14*k + 24178. Let f = k - 1146. List the prime factors of f.
7, 83
Let v be -1 - (-3 - 1*14/(-2)). Let s(k) = -k - 9. Let i be s(v). List the prime factors of (-2 - 10/i)*(-7 + 93).
43
Suppose -568 - 139016 = -117*u + 21*u. What are the prime factors of u?
2, 727
Suppose 9*b - 1713 = -840. Let c(p) = 8*p + 2. Let a be c(-3). Let x = b - a. List the prime factors of x.
7, 17
Suppose -5*g + 5*u = 9*u + 4, -3*g - 4*u + 4 = 0. What are the prime factors of -1 - ((-12580)/5)/4 - g?
2, 79
Suppose 106*s = -103*s + 205*s + 122564. List the prime factors of s.
13, 2357
Let q = 75232 - 51083. What are the prime factors of q?
19, 31, 41
Let w be (-2 + 2)*(-1)/3. Suppose 4*p - 480 = -w*p. Suppose -5*i - p = -7*i. List the prime factors of i.
2, 3, 5
Let w = 426 - 243. Suppose w = -3*o + 1584. List the prime factors of o.
467
Let b(y) = 3*y**2 + 11*y - 18. Let c be b(-10). Suppose -c = v - 36. List the prime factors of v*(2/1)/(-2).
2, 17
Suppose 0 = -5*y - h + 13, -7*y = -9*y - 5*h - 4. Suppose 5*t = z + 4626, 2*t + 938 = y*t + 3*z. List the prime factors of t.
2, 463
Let k = 42 + -46. Let s be (1 - 5)*11*k/8. Suppose s*t - 21*t = 119. What are the prime factors of t?
7, 17
Suppose 46 = -s + 3*s - 3*n, -5*s + 149 = n. Let i = s + -24. Suppose i*p - 144 = 91. List the prime factors of p.
47
Suppose -3*z - 10 = -3*o + 176, z - 2*o = -66. Let s be (2 + 132/(-10))*100/(-8). Let c = s + z. What are the prime factors of c?
2, 41
Let g = 4382 + -1252. What are the prime factors of g?
2, 5, 313
Suppose 0 = -3*z - 8 + 5, 3*h = -4*z + 23345. List the prime factors of h.
43, 181
Let s be (66/18 - 3)*3. Suppose a - 33*w - 1926 = -36*w, s*w = -3*a + 5799. List the prime factors of a.
3, 5, 43
Let s = -225 - -944. Suppose -8*t = -s - 3937. What are the prime factors of t?
2, 3, 97
What are the prime factors of 14/175 - (408296/(-50) - 2)?
2, 1021
Let v = -115 + 117. What are the prime factors of (-33)/(v*5/(-70))?
3, 7, 11
Let g(b) = -21*b**2 - 13*b + 9 + 14*b**2 + 9*b**2. Let d be g(15). Let a = 395 - d. List the prime factors of a.
131
Let h be (-1 - -85)*(-8 + 6). Let p(d) = -5*d**2 + 45*d - 5. Let x be p(9). Let q = x - h. What are the prime factors of q?
163
Let t = 3041 - -9857. List the prime factors of t.
2, 6449
Suppose 29*z - 294365 = 191827 + 212563. List the prime factors of z.
5, 61, 79
Let o(n) = -n + 20. Let a be o(18). Let g = -68 + 72. List the prime factors of -2 + (g - (-182)/a).
3, 31
Let f be (-2440)/(-12)*(3 + 0). Let q = f - 78. Suppose 5*z - 659 = 4*p, -q = z - 5*z + 2*p. List the prime factors of z.
3, 5
What are the prime factors of (-28)/(23 - -33)*6529*(-2 + 0)?
6529
Suppose -35*x - 713124 + 2514084 = 13*x. What are the prime factors of x?
2, 5, 7, 67
Suppose -4322*l - 694121 = -4353*l. What are the prime factors of l?
22391
Suppose 29*m + 356 = -166. Let o(i) = i**3 + 19*i**2 + 8*i + 104. What are the prime factors of o(m)?
2, 71
Suppose 0 = 2*m + 7 - 3. Let l be (80 - (-5 + 2)) + m. Suppose -3*y - l = -4*o, -5*o + y + 91 = -o. What are the prime factors of o?
2, 3
Let a = -9696 - -13581. List the prime factors of a.
3, 5, 7, 37
What are the prime factors of (4/((-40)/(-40405)))/(6/36)?
3, 8081
Let b = -915 + 6802. What are the prime factors of b?
7, 29
Suppose 0 = 5*x + 4*x - 1557. Suppose -1207 = -5*y + x. Suppose -h - 3*h + 5*f = -y, 2*f = -3*h + 207. What are the prime factors of h?
3, 23
Let q = -579 + 603. Suppose -q*m = 7*m - 35030. List the prime factors of m.
2, 5, 113
List the prime factors of -1 + 87 + (-1 - -1)/(14 - 5).
2, 43
Suppose -14*s + 0 + 28 = 0. Suppose -s*j + 2*m + 2620 = -0*m, 0 = 4*m + 8. List the prime factors of j.
2, 3, 109
Suppose -t + 5*i + 4432 = 0, 4*i - 1805 = -t + 2618. What are the prime factors of t?
19, 233
Suppose q - 1680 = 11*y - 12*y, 6714 = 4*y + 5*q. What are the prime factors of y?
2, 3, 281
List the prime factors of ((-585)/260)/(2/((-37680)/9)).
2, 3, 5, 157
Let u(t) = -81*t + 761. Let b(g) = 21*g - 190. Let y(l) = -9*b(l) - 2*u(l). What are the prime factors of y(0)?
2, 47
Suppose 4*g = -12, 2*l - g + 6*g + 11 = 0. Suppose 0*v - 20 = -5*v. Suppose 0 = 3*i + v*u - 83, -i + l = 5*u - 11. What are the prime factors of i?
3, 11
Let x(b) = -b**3 + 11*b**2 + 32*b - 3. Let d be x(14). Let z = d + 246. List the prime factors of z.
103
Let h = 4257 + 2364. List the prime factors of h.
3, 2207
Let z(t) = -32*t + 283. Let k be z(9). What are the prime factors of (-59796)/(-110) - (-3)/k?
3, 181
Let c be -124 - (2 + (-2 - 2)). Let o = 516 + c. What are the prime factors of o?
2, 197
Suppose -12847995 = 823*s - 982*s. What are the prime factors of s?
3, 5, 5387
Let f(r) = -r**3 + 8*r**2 + 5*r - 9. Let p be f(6). Let n(s) = 2*s + p*s**2 - 2*s - 9 + 10. List the prime factors of n(1).
2, 47
What are the prime factors of -54874*((-15)/(-30) + -1)?
27437
Suppose 98 = -k + 1082. Suppose -4*h + 4*c + 1312 = -c, 5*c = -3*h + k. List the prime factors of h.
2, 41
Let p(g) = -5*g + 1. Let o be p(1). Let b be 141/(-2*(-1 - 2/o)). Suppose 4*v = 7*v - b. List the prime factors of v.
47
Let y = 4213 + 3086. What are the prime factors of y?
3, 811
Suppose u = -y + 417, -y + 2*u - 73 = -502. Let l = -79 + y. Suppose -12*n = -930 - l. What are the prime factors of n?
2, 53
Let y(n) = 38*n - 12. Let h be y(2). Let m = h + -58. List the prime factors of m/21 - 2/7 - -53.
53
Let b = 3067 - 1768. What are the prime factors of b?
3, 433
Suppose 0 = 6*j - 4*o - 86350, -4*j - 3*o + 44645 = -12916. What are the prime factors of j?
3, 13, 41
Let f = 197 - 185. What are the prime factors of 1*487 - (f + 43)/11?
2, 241
Suppose 6*t + 0 = -0. List the prime factors of -2 - 1 - t - -46.
43
Suppose -2*o - 269 = -h, 39*h - 44*h = 5*o - 1330. Suppose 5*g - h = -b + g, 0 = 3*g - 15. List the prime factors of b.
13, 19
What are the prime factors of (44/(-5))/(303/(-128775))?
2, 5, 11, 17
Suppose -3*a - l + 64420 = -a, -3*l - 128820 = -4*a. What are the prime factors of a?
2, 3, 11, 61
What are the prime factors of 41/((69/(-138))/((